Let f(w) = 1897671*w - 7590703. Determine f(4).
-19
Let s(w) = 548*w - 11961. Calculate s(23).
643
Let z(p) = -11780*p + 1213344. What is z(103)?
4
Let v(b) = 16744*b + 284664. Determine v(-17).
16
Let b(x) = 1360*x + 851. Determine b(-1).
-509
Let w(g) = -46739*g + 13694521. What is w(293)?
-6
Let m(o) = -247*o**3 - o**2 + 61*o + 63. Give m(-1).
248
Let z(r) = r**3 + 116*r**2 + 1168*r + 167. Determine z(-12).
1127
Let k(o) = -17*o**2 - 431*o - 102. What is k(-25)?
48
Let y(v) = 83*v - 4138. Calculate y(52).
178
Let c(s) = -4*s**3 + 22*s**2 + 29559*s - 147856. What is c(5)?
-11
Let r(w) = w**3 + 103*w**2 - 163*w + 4986. Calculate r(-105).
51
Let v(r) = -1152*r - 60508. Determine v(-52).
-604
Let x(l) = -7*l**3 + 52*l**2 - 243*l + 1555. What is x(7)?
1
Let h(v) = 85*v - 6068. Give h(77).
477
Let d(q) = 18*q**2 + 892*q - 7507. Calculate d(8).
781
Let d(b) = 2*b**2 + 1987*b + 304726. Calculate d(-804).
10
Let f(y) = -y**2 - 216*y - 5578. Determine f(-188).
-314
Let i(t) = 6*t**3 - 108*t**2 - 2*t - 26. Give i(18).
-62
Let m(h) = -65099*h + 456377. Calculate m(7).
684
Let j(z) = 102*z + 2196. What is j(-19)?
258
Let f(s) = -s**2 - 342*s + 423722. Determine f(502).
34
Let f(m) = 3*m**3 + 61*m**2 - 178*m - 2553. Determine f(-22).
-1057
Let u(k) = -k**2 - 71*k - 337. Give u(-65).
53
Let l(b) = -3*b**2 + 6088*b - 2379087. Determine l(1501).
-2
Let v(f) = -55486*f + 1331679. Calculate v(24).
15
Let m(v) = -328*v**2 - 17900*v - 43891. What is m(-52)?
-3
Let x(v) = 28*v**3 - 1955*v**2 - 351*v + 7. Give x(70).
-63
Let w(b) = 385*b + 14300. What is w(-37)?
55
Let l(v) = -v**3 + 60*v**2 - 764*v + 7178. Calculate l(47).
-13
Let b(v) = 64*v**2 + 330*v - 874. Give b(-7).
-48
Let s(b) = 78*b**3 - 77*b**2 + 133*b - 51. Calculate s(1).
83
Let v(x) = -554*x**2 - 62047*x + 107. What is v(-112)?
-5
Let h(u) = u**3 - 10*u**2 - 462*u - 713. What is h(-16)?
23
Let g(v) = 5*v**3 + 135*v**2 - 157*v - 479. Calculate g(-28).
-3
Let f(k) = -k**2 + 337*k - 20157. Give f(90).
2073
Let q(h) = -h**3 + 36*h**2 + 2073*h - 56668. Calculate q(24).
-4
Let q(f) = -4*f**2 - 2397*f - 28669. What is q(-12)?
-481
Let f(q) = -509960*q - 1529885. Determine f(-3).
-5
Let t(o) = -o**3 - 10*o**2 + 234*o + 1779. Calculate t(-7).
-6
Let t(j) = -31191*j - 23237296. What is t(-745)?
-1
Let s(m) = -5197*m + 28380. Give s(6).
-2802
Let w(s) = -2*s**3 + 70*s**2 - 5*s - 4171. Give w(33).
20
Let b(d) = d**3 - 59*d**2 - 1955*d + 109691. What is b(62)?
13
Let u(z) = -7*z**3 + 7421*z**2 - 1021*z - 41337. Calculate u(1060).
3
Let a(q) = 2402*q + 329061. Give a(-137).
-13
Let b(a) = -13501*a + 1377107. Calculate b(102).
5
Let a(v) = -4*v**2 + 24438*v + 465761. Give a(-19).
-5
Let a(r) = 4*r**2 - 880*r - 15088. What is a(236)?
16
Let s(o) = o**3 + 50*o**2 - 13*o + 2320. Give s(-51).
382
Let q(a) = 15*a**2 + 1445*a + 17634. Give q(-82).
4
Let w(y) = 2*y**3 + 395*y**2 - 214*y - 3503. Calculate w(-198).
-335
Let d(j) = j**2 - 132*j - 1101. Calculate d(140).
19
Let c(b) = 348574*b + 29977356. Calculate c(-86).
-8
Let n(k) = -6*k**3 - 71*k**2 - 58*k - 389. What is n(-12)?
451
Let b(v) = 194*v**2 - 1626*v + 520. What is b(8)?
-72
Let p(h) = 1782*h + 37647. Calculate p(-20).
2007
Let g(c) = 3*c**2 - 852*c - 10891. Determine g(-13).
692
Let n(l) = 4*l**3 + 44*l**2 - 239*l - 2597. Give n(-12).
-305
Let k(j) = 11*j**2 - 259*j + 1527. What is k(13)?
19
Let n(w) = -4*w**2 + 503*w - 3477. Give n(7).
-152
Let c(y) = y**3 + 200*y**2 + 22*y + 4426. Determine c(-200).
26
Let c(h) = h**3 + 349*h**2 + 7494*h - 28. Give c(-23).
64
Let a(x) = -40*x + 194. What is a(-1)?
234
Let b(c) = 3*c**2 - 3867*c + 379428. Give b(107).
6
Let d(s) = -s**3 + 54*s**2 + 273*s - 2444. Calculate d(58).
-66
Let k(p) = -2*p**3 - 8*p**2 - 2854*p + 17851. Determine k(6).
7
Let a(p) = p**3 - 10*p**2 + 12*p - 828. Calculate a(10).
-708
Let c(v) = -135666*v - 1085371. Calculate c(-8).
-43
Let h(m) = -m**3 - 94*m**2 + 37*m - 7753. What is h(-95)?
-2243
Let x(c) = -149*c**2 - 16*c + 70. Determine x(2).
-558
Let v(w) = -w**3 + 247*w**2 - 218*w - 6909. Give v(246).
-21
Let o(x) = -17745*x - 71010. Calculate o(-4).
-30
Let i(w) = 13*w**3 + 690*w**2 + 16*w - 2160. Determine i(-53).
-199
Let t(z) = 281*z + 80. Calculate t(2).
642
Let w(k) = 554596*k - 1109194. Give w(2).
-2
Let k(m) = -255*m**3 + m**2 + 159*m - 160. Calculate k(1).
-255
Let f(p) = -2*p**2 + 4099*p - 2095390. Calculate f(1074).
-16
Let i(u) = 585*u + 57736. What is i(-92)?
3916
Let o(h) = -h**3 - 561*h**2 - 2219*h + 5050. Give o(-557).
37
Let u(v) = 4*v**3 - v**2 + 50*v + 168. What is u(-4)?
-304
Let b(j) = j**3 - 127*j**2 - 378*j + 32068. Give b(128).
68
Let l(v) = 1366*v + 13707. What is l(-9)?
1413
Let y(k) = -3528*k - 271751. Calculate y(-77).
-95
Let s(h) = 1833*h - 89813. Give s(49).
4
Let a(m) = -3*m**2 + 3048*m + 12261. Determine a(-4).
21
Let x(v) = 94503*v - 661521. What is x(7)?
0
Let i(d) = -14*d**3 - 12*d**2 - 3037*d - 6034. Give i(-2).
104
Let k(m) = -418*m - 5862. Determine k(-13).
-428
Let v(t) = 2*t**3 + 4*t**2 - 17292*t. Give v(0).
0
Let r(s) = s**3 + 592*s**2 - 4275*s - 49126. Calculate r(-599).
-8
Let x(l) = 29*l**2 + 437*l - 255. What is x(-16)?
177
Let j(l) = l**3 - 14*l**2 - 73*l + 660. Give j(16).
4
Let q(s) = s**3 - 241*s**2 + 6336*s - 1273. Determine q(211).
-7
Let q(i) = 6*i**2 + 902*i + 8380. Determine q(-10).
-40
Let l(z) = -137532*z + 687597. Determine l(5).
-63
Let z(t) = -920*t**2 + 20202*t + 830. Give z(22).
-6
Let k(v) = 4*v**2 - 282*v - 20148. Calculate k(-44).
4
Let p(r) = -2627*r - 302107. What is p(-115)?
-2
Let q(g) = -g**2 - 3101*g + 702356. Calculate q(212).
0
Let x(c) = c**3 + 184*c**2 - 152*c + 6167. Give x(-185).
62
Let i(v) = -26*v**2 + 284*v - 780. What is i(5)?
-10
Let d(l) = -245*l**2 - 10514*l + 908. Determine d(-43).
5
Let h(r) = -187*r - 20406. Give h(-109).
-23
Let p(s) = -3*s**3 + 1000*s**2 - 347*s + 4644. Give p(333).
-18
Let x(t) = -16*t**2 - 1443*t + 10878. What is x(7)?
-7
Let j(u) = u**3 - 20*u**2 - 8422*u + 184321. What is j(22)?
5
Let d(u) = 15*u**2 - 543*u - 6901. Calculate d(-10).
29
Let k(x) = -x**3 - 25*x**2 - 425*x - 1590. What is k(-5)?
35
Let s(w) = -67*w + 5703. What is s(71)?
946
Let g(y) = -313*y - 35179. Give g(-113).
190
Let v(o) = 89760*o + 1705413. Give v(-19).
-27
Let b(v) = -4*v**3 - 6*v**2 + 67*v + 17. Give b(6).
-661
Let s(a) = 3*a**2 + 878*a - 10011. Determine s(11).
10
Let n(a) = a**2 - 80010*a + 160016. Determine n(2).
0
Let k(i) = -106*i**2 + 14631*i - 231. Determine k(138).
183
Let r(g) = 6166*g**2 + 591935*g - 95. Calculate r(-96).
1
Let o(d) = d**3 + 64*d**2 + 405*d + 17268. Calculate o(-62).
-154
Let l(x) = -8682*x - 69509. What is l(-8)?
-53
Let j(l) = -23*l**2 + 1566*l - 148. Calculate j(68).
-12
Let w(k) = -2*k**3 - 13*k**2 - 42*k - 55. Calculate w(-7).
288
Let s(h) = 3*h**3 - 836*h**2 - 302*h + 6390. Determine s(279).
-27
Let d(y) = -2*y**3 + 665*y**2 - 336*y + 1270. Give d(332).
-58
Let p(s) = 192*s - 14511. What is p(77)?
273
Let x(k) = -1869*k**2 - 10423*k - 10423. What is x(-1)?
-1869
Let d(k) = -2*k**3 - 43*k**2 - 178*k + 41. Calculate d(-10).
-479
Let i(j) = 3*j**3 - 23*j**2 - 12*j - 233. Calculate i(13).
2315
Let o(q) = -q**3 + 289*q**2 - 1662*q - 10232. What is o(283)?
-44
Let k(q) = -21*q**2 + 197*q + 244. What is k(8)?
476
Let w(r) = 378393*r**2 - 1891953*r + 11. Give w(5).
71
Let n(b) = -b**2 - 9913*b + 2115505. Calculate n(209).
7
Let i(t) = -2*t**2 - 12749*t + 10592321. What is i(744)?
-7
Let o(u) = -450*u + 68394. Calculate o(152).
-6
Let i(j) = -3*j**3 - 68*j**2 + 168*j - 102. Give i(-25).
73
Let q(f) = 1115*f**2 + 5643*f + 37. Calculate q(-5).
-303
Let i(z) = -z**3 + 72*z**2 + 169*z - 571. Determine i(74).
983
Let s(q) = -3*q**2 - 2529*q - 37524. Determine s(-15).
-264
Let y(u) = u**3 - 67*u**2 - 84*u - 3663. Give y(69).
63
Let m(v) = 42017*v - 336174. Determine m(8).
-38
Let u(s) = -4*s**3 - 366*s**2 + 353*s + 15609. What is u(-92)?
61
Let x(w) = -w**2 + 318*w - 25110. What is x(172)?
2
Let o(n) = -5*n**3 + 882*n**2 - 346*n - 1062. What is o(176)?
-6
Let s(x) = -x**2 + 186*x - 8034. Give s(114).
174
Let q(f) = -4*f**3 + 362*f**2 - 537*f + 270. Give q(89).
3
Let v(y) = 1600*y**3 + 2*y**2 - 4*y + 1. Give v(1).
1599
Let f(g) = -242*g - 1739. What is f(-6)?
-287
Let i(z) = -2*z**3 - 145*z*